 of 9?
True
Let n = -11 - -35. Is n a multiple of 13?
False
Let c(h) = 0 + 3*h - 2*h + 3. Let q be c(6). Suppose q = 4*l - 7. Is 4 a factor of l?
True
Suppose -y + 0*y = 0. Let o be 6 + -1 - (y - -1). Let h = o + 4. Does 6 divide h?
False
Suppose 0 = -w - 2*w + 288. Is w a multiple of 24?
True
Does 8 divide 820/36 - 4/(-18)?
False
Suppose -4*f - 168 = -2*u, -5*u - f + 465 = -2*f. Is u a multiple of 35?
False
Let l(a) = a**3 + 7*a**2 - 11*a - 3. Does 21 divide l(-8)?
True
Let q be (9/12)/(3/36). Let k be (-10)/(-15)*q*1. Let v(d) = d**2 + 2*d - 3. Is 15 a factor of v(k)?
True
Is (27/(-4))/((-12)/32) a multiple of 9?
True
Let o(p) = -5*p - 3. Let j(u) = -2*u + 12. Let l be j(8). Is o(l) a multiple of 17?
True
Suppose 0 = 3*a - 55 - 44. Is 11 a factor of a?
True
Let g(t) = -14*t + 1. Let y be g(-2). Suppose 4*s + 3*h = -0*s + 172, -3*s + 116 = -h. Let a = s - y. Is a a multiple of 4?
False
Is 15 a factor of (-6)/((-15)/45*(-6)/(-56))?
False
Suppose -2 = -k + 1. Suppose -q = k - 30. Is q a multiple of 9?
True
Suppose -9*o = -4*o - 65. Is 2 a factor of o?
False
Suppose 2*g = -q + 133, 4*q - q + 338 = 5*g. Suppose 4*s = 5 + 3. Suppose 5*o + 1 = -c, -5*c + s*c - o = -g. Does 14 divide c?
False
Let r = -68 - -107. Is 3 a factor of r?
True
Let t = -344 - -509. Does 33 divide t?
True
Let w be ((-4)/14)/((-7)/49). Suppose -10 - w = -4*l. Is l a multiple of 3?
True
Is 26 a factor of -1*4 - (-148 - -5)?
False
Let x be 6/9 + 736/3. Let n = x - 74. Does 14 divide 2/6 - n/(-6)?
False
Suppose k - 2*p - 25 - 3 = 0, 0 = -k - 5*p + 14. Does 6 divide k?
True
Suppose 8*q = 6*q. Suppose -g - r + 58 = q, -2*g - 4*r + 125 = r. Does 21 divide g?
False
Let s(t) = t + 1. Let g be s(4). Suppose 16 = g*a - a. Suppose 9*r - a*r - 35 = 0. Is 7 a factor of r?
True
Suppose -x - 3*x = 4*m - 304, 2*m - x = 137. Does 13 divide m?
False
Suppose f = -4*h - 18, -2*f - 3*f = 4*h + 10. Suppose 3*m + f*r - 8 = 33, -19 = -m - 2*r. Let v = m - -17. Is v a multiple of 11?
False
Suppose 2*f = 4*f - 8. Let r = f - 4. Does 4 divide 8/(2/2 + r)?
True
Suppose -b = 2*b - 588. Does 14 divide b?
True
Let n = -35 - -135. Suppose 0 = -7*z + 2*z + n. Does 8 divide z?
False
Let a(k) = k**2 + 10*k + 6. Suppose s - 3*s - 20 = 0. Let q be a(s). Does 9 divide 6*q/4*1?
True
Suppose 5*y = -0*s + 2*s - 150, -s = 4*y - 49. Does 13 divide s?
True
Let j be (-2)/(-4) - 54/4. Let n(o) = -11*o**3 + 13*o**2 + 2*o - 21. Let c(r) = -5*r**3 + 6*r**2 + r - 10. Let d(w) = j*c(w) + 6*n(w). Does 2 divide d(0)?
True
Let l(q) = 25 - 20*q + 8*q + q**2 - 15. Let k be 12 - (-3 - (-3 - 0)). Is l(k) a multiple of 6?
False
Suppose 11 = 3*n - r, 3*n - 3 = -n - r. Suppose 0 = 6*s - s - n*h - 252, s + h = 49. Does 13 divide s?
False
Let s(x) = -x**2 - 8*x - 1. Suppose 0 = b + 2*b + 5*y + 34, -5*b - 48 = 4*y. Let d be s(b). Let u = 19 + d. Is u a multiple of 9?
True
Suppose 2*r = 3*r - 2. Let u be 0 + r/2 + -5. Let j = 27 + u. Does 10 divide j?
False
Let w = 2 + 11. Let s = w + -25. Let t = s - -18. Is 5 a factor of t?
False
Suppose 16 - 176 = 3*g + 2*z, -215 = 4*g + z. Let v = -28 - g. Is 13 a factor of v?
True
Let k(n) = -n**2 + 5*n + 6. Let w be k(5). Suppose -i + x + 3 = 0, i = w*i + 5*x + 15. Suppose -5*m = -i*h + h - 12, 4*h - 2 = 3*m. Is m even?
True
Suppose 16 = -4*t, u - 2*u + 23 = -5*t. Suppose -16 - 14 = -u*a. Suppose y + 7 + a = f, 2*f + 4*y = 64. Is 22 a factor of f?
True
Suppose -4*j + 6 = -2*p, 5*j + 3*p - 8*p = 0. Let a(v) = 2*v**2 - 12*v. Let l(s) = s**2 - 6*s. Let k(o) = j*a(o) - 5*l(o). Does 4 divide k(7)?
False
Let t(c) = c**3 - 4*c**2 - c + 1. Let x be 3*(33/9 + -2). Let o be t(x). Let k = o + 14. Is k a multiple of 14?
False
Let p be (-112)/(-6) + (-4)/6. Let l be ((-1)/(-2))/(3/p). Let i = 7 - l. Is i a multiple of 3?
False
Suppose 0 = 5*y + 56 - 296. Does 5 divide y?
False
Suppose 23 - 212 = -3*h. Is 5 a factor of h?
False
Let u = -9 - -13. Suppose -u*h - 6*j + j = -101, -5*h - j + 121 = 0. Does 6 divide h?
True
Suppose -4*w = -0*i + 4*i + 4, 2*i - 3*w = 23. Let u(c) = c**3 - 2*c**2 - 4*c + 4. Let q be u(i). Suppose -72 - q = -4*n. Is n a multiple of 8?
False
Let r = 14 - 5. Is 3 a factor of r?
True
Suppose -73 - 467 = -5*q. Suppose 6*x = 3*x + q. Is x a multiple of 10?
False
Suppose -p + 3*g + 24 = 0, p + 7 = -2*g + 56. Is p a multiple of 13?
True
Let t = 3 - 1. Suppose -3*p = -p + 2, t*g + 3*p - 67 = 0. Let x = g + -5. Is x a multiple of 15?
True
Let j(d) = -2*d + 1. Let x be j(-1). Let q be -49 + x + 2/2. Let m = -15 - q. Does 12 divide m?
False
Suppose -2*a - 20 = -7*a. Suppose -2*r = 4*d - 52, 0*d + 2*d - 14 = 2*r. Suppose a*g - 21 = d. Does 8 divide g?
True
Let u = -10 + 5. Let j(q) = 2*q**3 - 3*q**2 - 5*q - 4. Let a(y) = -3*y**3 + 2*y**2 + 4*y + 3. Let z(m) = 3*a(m) + 4*j(m). Is 8 a factor of z(u)?
True
Let u(f) = f**2 - 2*f - 6. Let s = 20 - 13. Is u(s) a multiple of 16?
False
Suppose 4*i = -0*i - 2*r + 584, -5*r - 124 = -i. Does 12 divide i?
True
Suppose -2*r = 3*t - 461, -2*t - 3*t + 2*r + 763 = 0. Does 17 divide t?
True
Is (-1)/(-2)*(-1352)/(-13) a multiple of 6?
False
Let a be 4/(-10) + 82/5. Let z be (-6)/(-2) + (a - 1). Let w = 39 - z. Is 9 a factor of w?
False
Suppose 5 - 10 = -5*s. Let r be ((-68)/5)/(s/(-5)). Suppose 3*l - 57 = 5*q, -4*l = -q - 3*q - r. Is l a multiple of 5?
False
Let a = 59 - -22. Is 18 a factor of a?
False
Let u(q) = q**3 - 7*q**2 - 8*q - 22. Is 4 a factor of u(9)?
True
Let m = 4 - 0. Suppose 4*i - m = 0, 5*i - 245 = -6*o + o. Does 12 divide o?
True
Suppose -l = 4*s + 12 + 22, 0 = -5*s + l - 47. Let f(a) = a**3 + 10*a**2 + 9*a + 12. Does 12 divide f(s)?
True
Suppose z - 21 - 9 = -5*g, 4*g = 4*z. Suppose 5*d - 102 = 3*w, z*d + 2*w - 23 = 4*d. Does 6 divide d?
False
Suppose 2*o - 74 - 42 = 0. Let p be (-2)/((-120)/o - -2). Let x = p - 13. Does 12 divide x?
False
Let n(f) = 8*f**3 + 6*f + 1. Let l(k) = k + 3. Let h(i) = 1. Let q(u) = -3*h(u) + l(u). Let t(x) = -n(x) + 4*q(x). Does 9 divide t(-1)?
True
Let v = 4 + -2. Let q be 7 - (-1)/2*6. Suppose -3*s - v*d + 31 = 0, -s - 3*d + 12 + q = 0. Is s a multiple of 3?
False
Suppose -5*h - 2*l + 5*l + 25 = 0, -3*h + 4*l + 15 = 0. Let m = h - 0. Is 5 a factor of m?
True
Let v(t) = -t**2 - 6*t - 4. Let n be v(-3). Suppose 0 = 2*z - 3*z + n. Does 3 divide z?
False
Let b = -16 - -36. Is 7 a factor of b?
False
Suppose 0 = -2*h - 5*d, -h + d = 5*d + 3. Let j be 1/h + (-32)/10. Is 9 a factor of 20/2 + (-4 - j)?
True
Let m = -23 - -33. Suppose -4*t = -2 + m. Let c = 0 - t. Is c a multiple of 2?
True
Suppose -3*n - 159 = -3*a, 12 = a + 5*n - 47. Does 27 divide a?
True
Is 37 a factor of -4 - (-8)/2 - (-1 + -110)?
True
Let w = -11 + 15. Suppose -4*l - 8 = -3*o - 118, -o + 102 = w*l. Is l/8 + 9/12 a multiple of 4?
True
Let g = 25 + -11. Is g a multiple of 14?
True
Let l(n) = 26*n - 2. Let s be l(1). Suppose -s = -i + 9. Is 5 a factor of i?
False
Let n = -73 - -129. Suppose 2*m + 2*m = 16. Suppose 0 = -b + 4*z + n, -4*b = -b - m*z - 136. Is 20 a factor of b?
True
Suppose -5*l = 2*a - 29, -3*a = -a + 2*l - 14. Suppose -3*b = -a*b - 20. Is b a multiple of 6?
False
Let o(k) = k + 2. Let d(r) = 5*r + 8. Let l(f) = 4*d(f) - 18*o(f). Does 4 divide l(4)?
True
Suppose -3*v + 9 = -6*v, 4*c - 43 = 5*v. Let i(d) be the second derivative of d**4/12 - d**3 + 4*d**2 + 2*d. Is i(c) a multiple of 4?
False
Let d(w) = w**3 + 5*w**2 + 5*w + 3. Let s be d(-3). Let j = -4 + s. Is 9 a factor of 12 - (j - 2 - -2)?
False
Let v(g) = g**3 - 8*g**2 + 9. Let b be v(8). Let y(s) = s + 7. Is 6 a factor of y(b)?
False
Suppose 3 = -n + 2. Is 14 a factor of 29/(n*(0 - 1))?
False
Suppose -4*h - 43 = 29. Let u be (-4)/h - (-76)/(-18). Is 20 a factor of (-3)/6 - 202/u?
False
Suppose u - 6 = -1. Is u even?
False
Suppose -38 = -3*s + f, -3*s - 4*f = f - 8. Does 9 divide s?
False
Let t(c) = 3*c + 11. Let f be 2/((-3)/(-36)*3). Let x be t(f). Does 10 divide (-4)/2*x/(-5)?
False
Let u = -16 - -18. Suppose -z + 102 = u*z. Is 14 a factor of z?
False
Suppose 2*y + 3*w = 2 - 11, y = -3*w - 9. Suppose 2*a = -5*q - 5, y*q = -5*a + 2*q + 60. Is 5 a factor of a?
True
Let n(p) = -2*p**3 - p**2 + 2*p. Suppose 0 = -2*u - 8 + 4. Is n(u) a multiple of 8?
True
Is 16 a factor of 9/(36/232) + 4 + 2?
True
Let y be 48/21 - (-6)/(-21). Let k = 2 + -2. Let s = y + k. Is s a multiple of 2?
True
Let z =